?
3
Suppose 3*x - 1 = 4*w + 42, x + 3*w = -3. What is the hundreds digit of 1722/x + (-26)/(-39)?
1
Let p = 31 - 29. Suppose -s + 2*x = -2*x + 11, -3*x + 11 = p*s. What is the hundreds digit of (s/(-3))/(10/(-3030))?
1
Let f be 5/(-4) + (-1365)/(-84). Suppose 0 = -7*j + f + 55. Let a(x) = 2*x**2 - 16*x + 20. What is the units digit of a(j)?
0
Let b(c) = -c**3 - 5*c**2 + 11*c + 19. Let u be b(-6). What is the hundreds digit of 476 - u/((-55)/(-30))?
4
Let w(r) = -14*r**2 - 20 + 11*r - 2*r**2 + 20*r**2. Let x be w(6). Let y = -84 + x. What is the tens digit of y?
0
Let i(r) = r**3 - 9*r**2 - 32*r + 30. Let h be i(17). Suppose 21*w - 3095 - h = 0. What is the units digit of w?
3
Let g(b) = 18*b**2 - 3*b + 1. Suppose 0 = 4*l + m - 3*m, m - 14 = -5*l. Suppose 4*r = -2*h - 0 + 12, -2*r - l = -3*h. What is the units digit of g(r)?
7
Let d(v) = 16895*v**2 - 93*v + 92. What is the units digit of d(1)?
4
Let u(a) be the first derivative of a**3/3 + 15*a**2/2 + 38*a - 56. What is the units digit of u(-13)?
2
What is the units digit of 3/(12/(-622))*(103 - 109)?
3
Suppose -11*q - 12 = -15*q. Suppose -x - q*t = -783 - 61, 4*t = 5*x - 4296. What is the hundreds digit of x?
8
What is the hundreds digit of -51*(-9448)/12 + (-27)/9 + 7?
1
Suppose 5*n + 17597 = 2*z - 27658, z = -2*n + 22659. What is the thousands digit of z?
2
Let z(c) = 3*c**3 + 18. Let x be z(0). Let l(u) = 6*u - 13. What is the tens digit of l(x)?
9
Suppose -556 = -2*b + 882. Let n = -340 + b. What is the units digit of n?
9
Let f = 539 - 533. What is the units digit of f/18 + 8264/12?
9
Let r be (307/(-1))/(-9 + 10). Let j = 337 + r. What is the tens digit of j?
3
Let b(q) = -q**2 - 21*q - 57. Let s be b(-15). What is the tens digit of 1 + 5010/s - 10/(-55)?
5
Suppose -400*d + 4 = -398*d, -5*h + 55832 = d. What is the ten thousands digit of h?
1
What is the units digit of (-474)/(-2607) - (-122074)/22?
9
Suppose 4*a + 914 + 930 = 0. Let g = a - -729. What is the tens digit of g?
6
Suppose 5*d + 88 = 13*d. Suppose 2441 = 16*m - d*m - 3*l, -3*l + 968 = 2*m. What is the tens digit of m?
8
Let n(o) = -o**3 - 23*o**2 + 26*o + 48. Let l be n(-24). Suppose 2*j - 3*b - 24 - 1 = l, 28 = 2*j - 4*b. What is the tens digit of j/(-6) + 4592/24?
9
Suppose s + 4*s - 3*g = 26, g - 10 = -3*s. Let w(q) = 94*q - 24. What is the units digit of w(s)?
2
Let a = -42 - -20. Let s = a - -24. Suppose 0 = -b + s, -h - 5*b + 9 = -193. What is the tens digit of h?
9
Suppose 0 = -2*h + 2*t + 15718, 2*t = 4*h + t - 31439. What is the hundreds digit of h?
8
Suppose -p = -23 - 5. Let c(s) = 11*s + p*s**2 + 39*s**2 - 10*s. What is the units digit of c(1)?
8
Let b(l) = -l**2 - 14*l + 11. Let o be b(10). Let y = o + 349. What is the units digit of y?
0
Let h = -54 - -1082. Let k = h - -335. What is the thousands digit of k?
1
Let j = -43290 + 85940. What is the ten thousands digit of j?
4
What is the hundreds digit of ((-21 + 7)/(-7))/(1/21997)?
9
Suppose 3*l = 6*l - 4029. Suppose q - 445 = o, 0*q = -3*o + 5*q - l. What is the hundreds digit of o*(-3)/(-27)*-3?
1
Let u(a) = 74*a**2 - 70*a - 543. What is the tens digit of u(-7)?
7
Suppose 65 = 335*b - 334*b. What is the tens digit of 134/((40/b)/4)?
7
Suppose -7*h = 101 - 157. Let u(w) = 1 - 18 - 1 - 7*w**2 + 4*w + w**3. What is the units digit of u(h)?
8
Let n be ((-165)/(-20))/((-3)/40). Let g = 118 + n. What is the units digit of g?
8
Let l be ((-5)/3)/(((-35)/21)/5). Suppose 3*n + 0*n = l*f + 845, 0 = 3*n + 4*f - 836. What is the tens digit of n?
8
Let y(v) = -v**3 + 58*v**2 + 53*v - 320. What is the ten thousands digit of y(26)?
2
Let x(c) = -4*c + 2. Let y be x(-1). Suppose 2*q - 4*r = 400, 3*r = y*r - 3. Suppose 1657 = 13*m - q. What is the hundreds digit of m?
1
Let t(z) = -z - 4. Suppose 4*v - 28 = 3*q, 2*q = 3*v - 12 - 7. Let f be t(q). Suppose -m + 395 = f*m. What is the tens digit of m?
7
Let t be (1*1/(-3))/(3/(-36)). Suppose f = t*r - 1131, 8*f + 1401 = 5*r + 11*f. What is the tens digit of r?
8
Suppose j + j - 12 = 0. Let s be 5751/j + 3/6. Suppose 0 = 7*v - s - 105. What is the units digit of v?
2
Suppose 10594 + 9766 = 20*r. Let c = -809 + r. What is the hundreds digit of c?
2
Let g(u) = 19*u**2 + u - 23. Let j be g(-5). Let t = j + -288. What is the tens digit of t?
5
Let l(i) = 9*i**2 - 2*i + 7. Suppose -5*m = 4*t - 141, -3*t - t - 91 = -3*m. Let x = 33 - m. What is the units digit of l(x)?
3
Let v(d) = -d**3 + 14*d**2 - 15*d + 32. Let q be v(13). Let l be q + (-16)/4 - -345. Suppose -8*f = -l - 1077. What is the hundreds digit of f?
1
Let i = 420 + 732. Let l = i + -246. What is the units digit of l?
6
Suppose 2*a - 5*l = -102 + 635, 0 = 2*a + 3*l - 525. Suppose 44 - a = -r. What is the tens digit of r?
2
Let f be -5*(-20)/150 + (-61)/(-3). Let v(t) = -t**2 + 35*t - 14. What is the hundreds digit of v(f)?
2
Suppose -1 - 3 = -q. Suppose 3*t + q*b + 0*b = 0, -b = 3*t - 9. Let v(h) = 12*h + 7. What is the tens digit of v(t)?
5
Suppose -54*f + 53*f + 2 = 5*l, 4*l = 0. Let w(o) = 6*o**3 - 4*o**2 + 3*o**2 + 0 + 5*o - 2. What is the tens digit of w(f)?
5
Let k = -4213 + 4942. What is the hundreds digit of k?
7
Let h be 3/(-24)*466*-4*71. Suppose 36*q - 5345 = h. What is the tens digit of q?
0
Let a = 521 - 508. Let p(h) = 9*h + 68. What is the tens digit of p(a)?
8
What is the units digit of 2/(-6) - 583/(-33)*398?
1
Suppose 121885 = 5*p + 5*h, 0 = 15*p - 20*p + 2*h + 121836. What is the units digit of p?
0
Let t = 9186 - 5051. What is the thousands digit of t?
4
Let v = 1047 + -239. Suppose -9*b - v = -13*b. What is the tens digit of b?
0
Let a be 2/(4/(-10)) + (312 - -13). Suppose a*y - 319*y - 622 = 0. What is the hundreds digit of y?
6
Suppose 1224*z + 516820 + 443064 = 1286*z. What is the hundreds digit of z?
4
Let c(q) = 2*q - 139. Let j be c(70). Let y be 0 - 3/((-6)/16). What is the units digit of j + (-10)/8 - (-266)/y?
3
Let r(s) = s**2. Let x(o) = 11*o**2 - o + 4. Let i(z) = 4*r(z) + x(z). Let y be i(2). Suppose 19*n - 20*n = -y. What is the tens digit of n?
6
Let j(y) = y**2 + 18*y + 36. Let x be j(-16). Suppose 5*c + 35 = 5*z, -3*z + 11 = -x*c - 7. Let u(d) = 9*d - 33. What is the units digit of u(z)?
7
Let g = 236 - 232. What is the units digit of g/2*(-517)/(-22)?
7
Let m = 415 - 45. What is the tens digit of 2 + 9/(-4) - m/(-8)?
4
Let d(o) = o**3 + 12*o**2 - 7*o - 27. Let z be d(-12). What is the units digit of (3*(z + 2))/((-6)/(-4))?
8
Let f = -146 - -143. Let h(w) = 22*w**2 + 9*w - 3. What is the units digit of h(f)?
8
Let q = -692 + 135. Let d = q - -791. What is the units digit of d?
4
Let g be (-72)/(-38) - (-36)/342. Suppose -g*d + 6*d = 1100. What is the tens digit of d?
7
Suppose p + 5*m + 1348 = 3*p, -p + 685 = 3*m. Let g = p - 379. What is the tens digit of g?
0
Let s = -5447 - -1171. What is the tens digit of s/(-10) + -4 - 2/(-5)?
2
Let p(t) = 169*t**2 - 617*t + 13. What is the hundreds digit of p(-6)?
7
Let v(l) = l**2 - 4*l - 5. Let o be v(5). Let s be -10 + 9 - (o - 1). Suppose -2*y = c - 52, -5*y + s*c + 5*c + 130 = 0. What is the units digit of y?
6
Suppose 3*p + 2*h - 991 - 2981 = 0, 1310 = p - 4*h. What is the units digit of p?
2
Let z = 14548 + -13093. What is the units digit of z?
5
Suppose -43*h + 48*h + 4641 = 44756. What is the hundreds digit of h?
0
Suppose -718 + 30 = -n. Let w = -366 + n. What is the tens digit of w?
2
Let f(z) = -3*z - 79. Let n be f(-28). Suppose v + 3*v - 569 = -m, -4*v = n*m - 2893. What is the units digit of m?
1
Let r = 2701 - -11757. What is the ten thousands digit of r?
1
Let f(v) = 12*v**2 + 11*v - 12. Let x(p) = 12*p**2 + 13*p - 13. Let c(t) = 3*f(t) - 2*x(t). What is the units digit of c(-6)?
0
Let m = 140 + -137. Suppose -203 = -n - 2*i, 0 = -m*n - 0*n - 4*i + 601. What is the tens digit of n?
9
Suppose -22399 = -7*a + 15149. What is the tens digit of a?
6
Suppose 0 = 62*q + 23*q + 33724 - 278439. What is the units digit of q?
9
Suppose -429*y + 425*y + 81967 = 3*s, 0 = -5*s + 3*y + 136631. What is the tens digit of s?
2
Let v = -10913 + 19991. What is the thousands digit of v?
9
Suppose -12*f = -7*f - 130. Suppose -1414 = -f*w + 5528. What is the hundreds digit of w?
2
Let l(b) = -634*b + 564. What is the tens digit of l(-3)?
6
Suppose 4*s + 5 = -5*c + 35, 33 = 4*c + 5*s. Suppose 631 + 